est common factor of 8366 and 94?
94
Calculate the greatest common factor of 9 and 2601.
9
Calculate the greatest common factor of 12912 and 144.
48
Calculate the greatest common divisor of 2877 and 21.
21
Calculate the greatest common divisor of 17 and 8891.
17
What is the highest common divisor of 3 and 177?
3
Calculate the highest common factor of 20 and 85.
5
What is the highest common factor of 399 and 2451?
57
What is the greatest common factor of 1155 and 935?
55
What is the greatest common divisor of 8 and 10?
2
Calculate the highest common divisor of 76 and 361.
19
Calculate the highest common factor of 1547 and 13.
13
Calculate the greatest common divisor of 170 and 68.
34
What is the greatest common factor of 40 and 360?
40
What is the highest common factor of 4518 and 72?
18
What is the highest common divisor of 172 and 946?
86
What is the greatest common divisor of 24 and 41016?
24
What is the greatest common factor of 138 and 483?
69
Calculate the highest common factor of 15 and 363.
3
What is the highest common divisor of 59386 and 46?
46
Calculate the highest common factor of 5 and 195.
5
Calculate the highest common factor of 14 and 302.
2
Calculate the greatest common factor of 13018 and 92.
46
What is the greatest common factor of 256 and 288?
32
What is the greatest common divisor of 720 and 440?
40
Calculate the highest common divisor of 6 and 102.
6
What is the greatest common factor of 130 and 325?
65
What is the greatest common divisor of 36 and 80?
4
Calculate the highest common factor of 10 and 60290.
10
What is the greatest common factor of 36 and 384?
12
Calculate the highest common factor of 21006 and 9.
9
Calculate the greatest common factor of 256 and 544.
32
Calculate the greatest common divisor of 111 and 185.
37
What is the highest common divisor of 605 and 35?
5
Calculate the highest common factor of 988 and 532.
76
What is the highest common factor of 637 and 49?
49
What is the greatest common divisor of 116 and 5974?
58
What is the greatest common divisor of 90 and 1380?
30
What is the highest common factor of 18426 and 1776?
222
Calculate the highest common divisor of 98 and 6.
2
What is the greatest common factor of 10222 and 19?
19
What is the highest common divisor of 192 and 60?
12
What is the highest common factor of 3113 and 33?
11
Calculate the highest common factor of 11 and 56.
1
Calculate the greatest common factor of 105 and 1.
1
Calculate the greatest common divisor of 204 and 272.
68
Calculate the highest common divisor of 132 and 24.
12
What is the highest common factor of 798 and 168?
42
What is the highest common divisor of 511 and 657?
73
What is the greatest common factor of 968 and 40?
8
Calculate the greatest common divisor of 57 and 59793.
57
Calculate the greatest common factor of 174 and 87.
87
What is the highest common divisor of 11 and 44?
11
What is the greatest common divisor of 168 and 147?
21
Calculate the highest common divisor of 152 and 8.
8
Calculate the highest common factor of 675 and 945.
135
What is the greatest common divisor of 3113 and 283?
283
What is the highest common factor of 1 and 173?
1
Calculate the greatest common factor of 35 and 791.
7
Calculate the greatest common factor of 121 and 2057.
121
Calculate the greatest common divisor of 518 and 112.
14
Calculate the greatest common divisor of 1826 and 11.
11
What is the highest common divisor of 1026 and 152?
38
Calculate the greatest common divisor of 545 and 5.
5
Calculate the greatest common factor of 33 and 1045.
11
Calculate the highest common divisor of 53 and 901.
53
Calculate the greatest common divisor of 27 and 1.
1
What is the highest common factor of 1479 and 435?
87
Calculate the greatest common factor of 738 and 12054.
246
What is the highest common factor of 10287 and 72?
9
Calculate the greatest common divisor of 6 and 51.
3
Calculate the greatest common divisor of 4370 and 570.
190
Calculate the highest common divisor of 81 and 648.
81
Calculate the greatest common divisor of 1248 and 273.
39
Calculate the highest common divisor of 611 and 13.
13
Calculate the greatest common factor of 5701 and 1.
1
Calculate the highest common factor of 32 and 1264.
16
Calculate the greatest common factor of 62 and 3968.
62
What is the highest common divisor of 308 and 176?
44
What is the highest common divisor of 370 and 20?
10
Calculate the highest common divisor of 716 and 4.
4
What is the highest common factor of 39 and 1417?
13
What is the greatest common factor of 102 and 238?
34
Calculate the highest common divisor of 106 and 424.
106
What is the highest common factor of 30 and 310?
10
Calculate the highest common divisor of 522 and 406.
58
What is the highest common factor of 7304 and 830?
166
What is the highest common divisor of 274 and 1370?
274
Calculate the greatest common factor of 13 and 8021.
13
Calculate the highest common divisor of 517 and 188.
47
Calculate the highest common factor of 46 and 69.
23
Calculate the highest common divisor of 324 and 18.
18
What is the greatest common divisor of 120 and 405?
15
Calculate the highest common factor of 1235 and 95.
95
Calculate the greatest common factor of 47 and 376.
47
What is the greatest common divisor of 644 and 1472?
92
Calculate the highest common factor of 42 and 1827.
21
What is the highest common factor of 190 and 4598?
38
Calculate the highest common divisor of 284 and 355.
71
What is the greatest common divisor of 164 and 7913?
41
Calculate the greatest common factor of 9751 and 49.
49
Calculate the greatest common factor of 1506 and 30.
6
Calculate the greatest common divisor of 21 and 1638.
21
Calculate the greatest common divisor of 1834 and 8122.
262
Calculate the greatest common divisor of 2123 and 33.
11
Calculate the greatest common divisor of 6 and 111.
3
What is the greatest common factor of 29 and 1131?
29
Calculate the greatest common factor of 3 and 2.
1
Calculate the highest common divisor of 726 and 44.
22
What is the greatest common divisor of 234 and 754?
26
Calculate the greatest common divisor of 8 and 40.
8
What is the highest common divisor of 999 and 444?
111
What is the greatest common factor of 74 and 74?
74
Calculate the highest common divisor of 11271 and 78.
39
What is the highest common divisor of 351 and 143?
13
What is the greatest common factor of 16 and 2360?
8
Calculate the greatest common factor of 12299 and 49.
49
Calculate the highest common factor of 60 and 450.
30
Calculate the highest common factor of 11 and 3421.
11
What is the highest common divisor of 19 and 1?
1
Calculate the highest common factor of 60 and 260.
20
Calculate the highest common factor of 525 and 50.
25
What is the highest common factor of 704 and 44?
44
Calculate the greatest common divisor of 8758 and 2718.
302
What is the highest common divisor of 2 and 542?
2
What is the greatest common divisor of 3087 and 63?
63
What is the greatest common divisor of 385 and 98?
7
Calculate the highest common divisor of 5909 and 57.
19
Calculate the greatest common divisor of 4302 and 66.
6
Calculate the greatest common divisor of 54 and 1314.
18
What is the highest common divisor of 33 and 55?
11
Calculate the greatest common factor of 646 and 76.
38
Calculate the greatest common divisor of 41 and 943.
41
What is the greatest common factor of 17028 and 344?
172
What is the greatest common factor of 255 and 4890?
15
Calculate the highest common factor of 5 and 29.
1
Calculate the greatest common divisor of 559 and 52.
13
Calculate the greatest common factor of 612 and 36.
36
Calculate the greatest common factor of 42 and 266.
14
What is the greatest common divisor of 332 and 4?
4
What is the greatest common factor of 1056 and 429?
33
What is the highest common divisor of 3468 and 144?
12
What is the highest common factor of 185 and 70?
5
What is the highest common divisor of 203 and 116?
29
Calculate the highest common factor of 1328 and 16.
16
What is the highest common factor of 126 and 1098?
18
Calculate the highest common factor of 498 and 30.
6
What is the greatest common factor of 105 and 6573?
21
Calculate the highest common divisor of 48 and 1488.
48
Calculate the greatest common factor of 9 and 990.
9
What is the greatest com